- 5) + 1)?
2
What is 1 + -1 + 26 + -18?
8
What is the value of (16 - 4) + (-17 - -2)?
-3
What is -8 + 22 + 7 + (-11 - -2)?
12
What is the value of -11 + 4 + 8 + -14?
-13
What is the value of (-25 - -1) + 11 + -10 + -5?
-28
Calculate -18 + (-11 - -17) + -7.
-19
-5 + -15 + -2 - (59 - 72)
-9
What is the value of 6 + -3 - (17 - 17)?
3
Evaluate -15 + 2 - (35 + -34 + 0 + -2).
-12
17 + -18 - (1 + (-4 - 7) - -3)
6
What is 5 + (-14 - 2 - (-6 + 2)) + 0?
-7
What is -1 - (2 + (-24 - -23))?
-2
What is the value of 16 - (12 + 10 - 8)?
2
23 - ((11 - -8) + 3)
1
What is the value of (17 - (13 + 2 + 1 + -6)) + 12?
19
25 + -18 + 20 + (6 - 1) + -11
21
What is -43 + 1 - ((53 - 63) + -3)?
-29
Calculate (20 - 18) + -3 - (-14 - -1).
12
What is the value of 11 + -16 + 0 + 25?
20
What is 1 + (-6 - 0) - (-56 - -49)?
2
Evaluate (-10 - (5 - 7)) + (0 - 3).
-11
What is the value of 43 + 13 + -42 + (10 - 2)?
22
Evaluate 5 + (2 - 4 - (1 + -5)).
7
What is (8 - 5 - 10) + (-10 - -8)?
-9
What is the value of (-3 + 0 + 7 - -6) + 5?
15
Evaluate 5 + 1 + 38 + -35 + -8 + -18.
-17
What is the value of 3 - ((-5 - (6 - 11 - -6)) + 23)?
-14
What is the value of -12 - (-1 - (-9 - (4 + -30)))?
6
What is the value of -34 + 1 - -1 - (47 - (-104 + 157))?
-26
5 + (-6 - 0 - -12 - (6 + -2))
7
What is (-4 - (-38 - -43)) + (8 - (-3 + 3))?
-1
What is -6 + 25 - (-2 - -36)?
-15
Evaluate -14 + (-6 - -9) + 20.
9
Calculate -16 + -3 + 6 - (2 + 1 - 4).
-12
What is the value of -13 - (4 + (-13 - 9))?
5
Calculate (29 + 2 - 2) + (-175 - -166).
20
What is -15 + -4 + -62 + 64?
-17
Calculate -7 + 12 + 2 - 13.
-6
-7 - (-4 - (7 + -8)) - (-13 - 1)
10
What is the value of -4 - (2 - 6) - 10?
-10
Evaluate 1 + -2 - -11 - (220 + -192).
-18
Evaluate -3 + (26 - 15) + (3 - 4) + -5.
2
What is (-15 - -12) + 1 - -2?
0
10 + (-1 - 18 - -11) + 6 + 2
10
What is (-18 - (4 + (3 - 14))) + (-2 - -2)?
-11
-3 - (7 + 0 - (17 + -12 - -4))
-1
(-2 - (2 + -10)) + -5 + -3 + -1
-3
Evaluate 4 + (-10 - -3) + 36 - 10.
23
-157 + 157 + (-1 + 3 - 2)
0
-200 + 219 + (2 - 1)
20
What is the value of (-22 + 55 - 61) + -1?
-29
Calculate 21 + -3 + (-3 - -13) + 3.
31
Evaluate 2 - (15 + (2 - 12)) - 10.
-13
Evaluate 3 + (0 - 0 - (59 - 58)).
2
What is (-12 - -30 - -2) + -11?
9
Calculate 1202 - 1209 - (-1 + (-1 - 1 - -14)).
-18
Calculate -35 - (-29 + 10 + 1) - (1 - 11).
-7
Calculate (33 - (9 + 4)) + -10 + -2.
8
-7 - (98 + -81 + -12 + 1)
-13
5 - (43 - (18 + 3))
-17
What is the value of -3 - 2 - (5 + 1 - (-8 - -11))?
-8
Calculate 32 + -19 + 8 + -27.
-6
Evaluate (13 - 19 - 4 - -17) + -5 + 0.
2
What is the value of -17 + 10 + 0 + 39 + (-12 - 0)?
20
What is the value of 673 + -678 - (2 + -2 - 5)?
0
(-7 - -4) + 0 + 0 - (-16 + 16)
-3
Evaluate (-6 - -1) + -28 + 40 + -16.
-9
What is -1 + (-1 - 4) - -2 - (-137 + 136)?
-3
31 - -10 - 30 - (-2 - -19)
-6
What is 4 - (11 + -12 + 8 - -4)?
-7
Evaluate 0 + 13 - (-5 - (6 - -1) - -10).
15
Calculate -64 + 90 - (0 + 58).
-32
Evaluate -3 + 1 + -6 - (-66 - -70).
-12
What is the value of -171 - -174 - (-6 + 0)?
9
What is 32 + (30 - 61 - 39)?
-38
Evaluate -4 + (28 - 5) + -44.
-25
What is the value of -5 - -1 - (19 + -4 + -6 + -5)?
-8
What is 4 - 0 - ((19 - 8) + -4 + -7)?
4
What is the value of (-31 - -46) + -39 + (9 - 0)?
-15
What is the value of -26 + (-10 - 5) + 16?
-25
22 + -17 + 2 + -79 + 96
24
Evaluate 20 + -129 + 127 + -16 + -1.
1
Evaluate -1 + -7 + 5 + -20 + 8 + 6.
-9
What is (21 + (-16 - 12) - (1 + -14)) + -6?
0
Calculate 21 - 3 - (-23 + -6 + 46).
1
What is (57 + -86 - (3 + -14)) + 14?
-4
What is 28 - (-26 + 96 + -19)?
-23
Evaluate (-12 - (7 - 9) - -10) + 9.
9
What is 1 + (1 + -8 + -12 - -13)?
-5
Evaluate -6 + 13 + -19 + 3 + -1 + 0.
-10
Calculate -13 + -2 + 25 + -98 + 91.
3
What is -12 + (-3 - -40) + -16?
9
Evaluate 8 - (-5 - -6) - (-1 + (0 - -1)).
7
What is 8 + 0 + -551 + 549?
6
Calculate (1 - (8 + -1)) + 8 - 10.
-8
-13 + 6 + 26 - (26 + -10)
3
Calculate 17 + (17 - (-7 + 14 + 1)) + -4.
22
Calculate -126 + 126 - (1 + -8 + (0 - -2)).
5
Calculate -13 + 12 - -4 - (25 - (-1 - -3)).
-20
Evaluate (6 - -4 - 16) + (-1 - -14).
7
What is -5 + (14 - 2 - 16)?
-9
Calculate 2 + (6 + 1 - 7 - 2).
0
-30 - -1 - (-34 + (4 - -23))
-22
What is the value of (7 - -20) + -18 + 2?
11
Calculate (-7 - 20) + (24 - -7).
4
Calculate 1 - ((2 - 7) + (-23 - -15) - 6).
20
What is 2 - (24 + 10 + (-18 - 1))?
-13
Evaluate 8 + -28 + 21 + -4 + -7.
-10
Evaluate 22 + -49 - (4 + -11).
-20
What is the value of -17 + (1 - 0) - (-1308 - -1253)?
39
9 + 3 + -26 - -4
-10
Evaluate (-13 - -4) + (12 - (11 + -7 + 6)).
-7
-9 + 6 + 16 - 17
-4
What is the value of -13 + -5 + (-2 - -16 - 8)?
-12
Calculate 7 + (16 - (13 - -13)) + -24 + 0.
-27
Calculate -9 + 27 + (-17 - 6).
-5
-19 + (-9 - 4) + 24 + -17
-25
(0 - -21) + 1 + (34 - 44)
12
Calculate 0 + -7 - (-1 + -1) - (-3970 + 3979).
-14
23 + (11 - -5 - 7) + -16
16
Calculate -2 + 3 + -144 + 151 - (-3 - 12).
23
Evaluate 2 + -46 - 0 - (-216 - -213).
-41
Calculate 3 - (-1 + 3 - 1) - (-11 - -10).
3
Calculate -2 - -17 - (69 - 46).
-8
5 + 0 + (-11 - -23) - 1
16
Calculate 20 + (-38 - -21) + -16.
-13
Evaluate -1 + -9 + 8 + (1 - 11) + 3.
-9
-1 - -4 - 1 - (-17 - (3 - 15))
7
Calculate 14 - (-5 + 2 + 2 + 9).
6
Calculate -4 + (0 - -8 - (-100 + 102)).
2
What is (25 - 31) + 41 - 15?
20
3 + (-86 + 94 - (1 - (3 + -1)))
12
Calculate 5 - 21 - (7 + -38).
15
Evaluate (-31 - -29) + (-1 - 1) + 14.
10
What is the value of (-10 - 3) + (7 - -5 - 15)?
-16
Evaluate -21 + (10 - (16 + -18 + (7 - 2))).
-14
What is (6 - (-4 - -10)) + -2 + 3?
1
Evaluate 16 + -9 + -39 + 15.
-17
Calculate -6 + (20 - 16) + 2.
0
What is (-1 - 14 - (125 - 132)) + 7 - 37?
-38
What is the value of -5 - ((10 - 1) + (-1 - -6))?
-19
Evaluate ((-1 - -4) + 12 - (-38 - -48)) + -32.
-27
What is 9 - (5 - 6 - -6) - -13?
17
Evaluate -16 - (3 - (1 + 6 + (-4 - -4))).
-12
Calculate -10 + -3 + 14 + -23 + -1 + 4.
-19
What is -7 + 2 + (2 - -11 - (-53 + 45))?
16
(3 - (11 - 13)) + (9 - -1 - 8)
7
What is 12 + -8 + 1 - 0 - -9?
14
Evaluate -15 + 14 + -9 + -3 + -13.
-26
What is -27 - -35 - (0 - -20)?
-12
What is the value of -26 + (25 - -4) + 21?
24
What is the value of (-37 - (-10 - 31)) + (0 - 15 - 0)?
-11
2 + -21 + (20 + 5 - (-63 - -79))
-10
0 - -3 - (10 + 1 + -13 + -3)
8
Evaluate 196 - 191 - (-7 - (0 + (-1 - -2))).
13
Calculate -3 + (-22 + 12 - 2).
-15
19 + -30 + (12 - -3)
4
What is the value of 6 + -12 - -7 - -8 - (33 - 6)?
-18
Evaluate (15 - 24) + 29 + (-5 - (3 + 0)).
12
Calculate 23 - (62 - 30 - 18).
9
Calculate 13 + 8 - ((5 - 2 - -1) + -4).
21
What is (-20 + 22 - -13) + (-3 - 32)?
-20
What is -1 + 19 - (-4 + -10 + 4 + 13)?
15
Calculate (-19 - (23 - 15)) + 35.
8
What is -22 - ((1 + 2 - 14) + (24 - 20))?
-15
(-15 - (-13 - 10)) + -20
-12
Calculate 1 + -5 + 13 + (17 + 1 - 7).
20
(-1 - -3) + -4 + -3 - (-34 + 25)
4
Calculate 0 - -1 - ((-6 - 14) + 19 + 1).
1
Evaluate -19 + 0 - (-16 + -4 + 11 + 3).
-13
What is -13 - ((-10 - -10) + -5)?
-8
173 + -140 - (-5 - (-1 + -18))
19
Calculate -11 + -5 + (65 - 40).
9
What is the value of 8 + (-8 - (2 - 1) - (54 - 51))?
-4
What is the value of 16 + 2 + -34 + 15?
-1
What is the value of 0 + 1 + -20 + 9 + -8 + 5?
-13
What is the value of (-11 - -7) + 4 + (4 - (-5 - -14))?
-5
What is the value of 13 + 2 + 0 + -1 + (10363 - 10373)?
4
Calculate 4 + 7 - (-79 + 81).
9
Evaluate 6 + 6 - 2 - (51 - 32).
-9
What is 49 - (19 + -22 - -30)?
22
What is the value of -41 - (-9 + (-7 - 14 - -15))?
-26
Calculate 34 - ((-10 - -20) + -10 + 9).
25
What is the value of 56 + -61 - (-2 + 2 + -3) - 5?
-7
What is the value of 0 - -13 - (-124 + 120) - 12?
5
Evaluate -5 + 44 + -7 + (-9 - -12) - 7.
28
Evaluate 24 + 5 + -5 + 6 + -5 + 0.
25
Calculate -9 + 23 + (-15 - -5) - 1 - -4.
7
Evaluate 169 + -174 + 12 + 1.
8
Evaluate (4 - 7) + (0 + 3 - (-47 - -59)).
-12
What is the value of 21 + 0 - (13 + (5 - 11) - 2)?
16
Evaluate 5 + (4 - 16) - 4 - (-7 - -12).
-16
Calculate 2 - (3 + (-8 - (-1 - 10)) - 18).
14
Evaluate (7 - (-13 - (-16 + -7))) + (-2 - 5).
-10
What is 1 + 4 + (-6 + -1 - (-351 - -343))?
6
Evaluate -1 + -24 + (15 + -56 - -42).
-24
Evaluate 0 + -2 - (-35 - (43 + -99)).
-23
Evaluate 3 + -5 - -11 - 2.
7
What is 0 - -3 - (5 + -16 + 4)?
10
Evaluate -2 + 1 + (-23 - (9 + -19)).
-14
What is -22 + 16 + 20 + 3?
17
Calculate -12 - (25 - 26 - (3 - 1) - 4).
-5
What is the value of (8 - (-5 - -10) - -3) + 7?
13
What